{"id":1401,"date":"2024-04-09T22:12:45","date_gmt":"2024-04-09T22:12:45","guid":{"rendered":"http:\/\/esagnde.org\/?page_id=1401"},"modified":"2024-04-09T22:15:36","modified_gmt":"2024-04-09T22:15:36","slug":"sint-ut-sunt-aut-non-sint","status":"publish","type":"page","link":"https:\/\/esagnde.org\/index.php\/sint-ut-sunt-aut-non-sint\/","title":{"rendered":"SINT UT SUNT AUT NON SINT"},"content":{"rendered":"\t\t<div data-elementor-type=\"wp-page\" data-elementor-id=\"1401\" class=\"elementor elementor-1401\" data-elementor-post-type=\"page\">\n\t\t\t\t<div class=\"elementor-element elementor-element-9cd28b8 e-flex e-con-boxed elementor-invisible e-con e-parent\" data-id=\"9cd28b8\" data-element_type=\"container\" data-e-type=\"container\" data-settings=\"{&quot;animation&quot;:&quot;fadeInUp&quot;}\">\n\t\t\t\t\t<div class=\"e-con-inner\">\n\t\t<div class=\"elementor-element elementor-element-021a5f6 e-flex e-con-boxed e-con e-child\" data-id=\"021a5f6\" data-element_type=\"container\" data-e-type=\"container\" data-settings=\"{&quot;background_background&quot;:&quot;classic&quot;}\">\n\t\t\t\t\t<div class=\"e-con-inner\">\n\t\t<div class=\"elementor-element elementor-element-68caf7e e-flex e-con-boxed e-con e-child\" data-id=\"68caf7e\" data-element_type=\"container\" data-e-type=\"container\" data-settings=\"{&quot;background_background&quot;:&quot;classic&quot;}\">\n\t\t\t\t\t<div class=\"e-con-inner\">\n\t\t\t\t\t<\/div>\n\t\t\t\t<\/div>\n\t\t\t\t<div class=\"elementor-element elementor-element-3861e6a elementor-widget elementor-widget-breadcrumbs\" data-id=\"3861e6a\" data-element_type=\"widget\" data-e-type=\"widget\" data-widget_type=\"breadcrumbs.default\">\n\t\t\t\t<div class=\"elementor-widget-container\">\n\t\t\t\t\t<p id=\"breadcrumbs\"><span><span class=\"breadcrumb_last\" aria-current=\"page\">Home<\/span><\/span><\/p>\t\t\t\t<\/div>\n\t\t\t\t<\/div>\n\t\t\t\t\t<\/div>\n\t\t\t\t<\/div>\n\t\t\t\t\t<\/div>\n\t\t\t\t<\/div>\n\t\t<div class=\"elementor-element elementor-element-f44f52f e-flex e-con-boxed elementor-invisible e-con e-parent\" data-id=\"f44f52f\" data-element_type=\"container\" data-e-type=\"container\" data-settings=\"{&quot;animation&quot;:&quot;fadeInUp&quot;}\">\n\t\t\t\t\t<div class=\"e-con-inner\">\n\t\t\t\t<div class=\"elementor-element elementor-element-e8ef695 elementor-widget elementor-widget-heading\" data-id=\"e8ef695\" data-element_type=\"widget\" data-e-type=\"widget\" data-widget_type=\"heading.default\">\n\t\t\t\t<div class=\"elementor-widget-container\">\n\t\t\t\t\t<h2 class=\"elementor-heading-title elementor-size-default\">C'est quoi : SINT UT SUNT AUT NON SINT<\/h2>\t\t\t\t<\/div>\n\t\t\t\t<\/div>\n\t\t\t\t<div class=\"elementor-element elementor-element-f34cc3d elementor-widget-divider--view-line elementor-widget elementor-widget-divider\" data-id=\"f34cc3d\" data-element_type=\"widget\" data-e-type=\"widget\" data-widget_type=\"divider.default\">\n\t\t\t\t<div class=\"elementor-widget-container\">\n\t\t\t\t\t\t\t<div class=\"elementor-divider\">\n\t\t\t<span class=\"elementor-divider-separator\">\n\t\t\t\t\t\t<\/span>\n\t\t<\/div>\n\t\t\t\t\t\t<\/div>\n\t\t\t\t<\/div>\n\t\t\t\t<div class=\"elementor-element elementor-element-bbaf3d4 elementor-blockquote--skin-border elementor-widget elementor-widget-blockquote\" data-id=\"bbaf3d4\" data-element_type=\"widget\" data-e-type=\"widget\" data-widget_type=\"blockquote.default\">\n\t\t\t\t<div class=\"elementor-widget-container\">\n\t\t\t\t\t\t\t<blockquote class=\"elementor-blockquote\">\n\t\t\t<p class=\"elementor-blockquote__content\">\n\t\t\t\t<b>Pr\u00e9sentation g\u00e9n\u00e9rale du parcours<\/b>\n<br \/>\nLa Licence Professionnelle est un Dipl\u00f4me Universitaire, une formation de premier cycle d\u2019une dur\u00e9e normale de trois (03) ans; l\u2019entr\u00e9e dans le parcours de la Licence Professionnelle (syst\u00e8me LMD) est accessible \u00e0 toute personne apr\u00e8s obtention d\u2019un baccalaur\u00e9at toutes s\u00e9ries confondues  ou apr\u00e8s obtention d\u2019un DUT ou BTS, qui converge directement vers la troisi\u00e8me ann\u00e9e de la Licence Professionnelle (LP3). Les dipl\u00f4mes de LP donnent acc\u00e8s \u00e0 divers m\u00e9tiers dans diff\u00e9rentes structures (moyennes ou grandes). Une formation de qualit\u00e9 est offerte permettant aux apprenants d\u2019acqu\u00e9rir les aptitudes et comp\u00e9tences professionnelles pratiques, servant d\u2019outils dans l\u2019exercice de leur fonction. La formation se d\u00e9roule en cours du jour et en cours du soir. A l\u2019\u00e9cole Sup\u00e9rieure ESAG-NDE, toutes nos Licences Professionnelles (syst\u00e8me LMD) sont reconnues et accr\u00e9dit\u00e9es par le CAMES. Nous offrons \u00e9galement des formations d\u00e9localis\u00e9es de la France et du Maroc.\t\t\t<\/p>\n\t\t\t\t\t<\/blockquote>\n\t\t\t\t\t\t<\/div>\n\t\t\t\t<\/div>\n\t\t<div class=\"elementor-element elementor-element-f86ea16 e-flex e-con-boxed e-con e-child\" data-id=\"f86ea16\" data-element_type=\"container\" data-e-type=\"container\" data-settings=\"{&quot;background_background&quot;:&quot;classic&quot;}\">\n\t\t\t\t\t<div class=\"e-con-inner\">\n\t\t<div class=\"elementor-element elementor-element-945c37a e-flex e-con-boxed e-con e-child\" data-id=\"945c37a\" data-element_type=\"container\" data-e-type=\"container\" data-settings=\"{&quot;background_background&quot;:&quot;classic&quot;}\">\n\t\t\t\t\t<div class=\"e-con-inner\">\n\t\t\t\t<div class=\"elementor-element elementor-element-dbb02b6 elementor-widget elementor-widget-heading\" data-id=\"dbb02b6\" data-element_type=\"widget\" data-e-type=\"widget\" data-widget_type=\"heading.default\">\n\t\t\t\t<div class=\"elementor-widget-container\">\n\t\t\t\t\t<h2 class=\"elementor-heading-title elementor-size-default\">Activit\u00e9s<\/h2>\t\t\t\t<\/div>\n\t\t\t\t<\/div>\n\t\t\t\t\t<\/div>\n\t\t\t\t<\/div>\n\t\t<div class=\"elementor-element elementor-element-8645bf9 e-flex e-con-boxed e-con e-child\" data-id=\"8645bf9\" data-element_type=\"container\" data-e-type=\"container\" data-settings=\"{&quot;background_background&quot;:&quot;classic&quot;}\">\n\t\t\t\t\t<div class=\"e-con-inner\">\n\t\t\t\t<div class=\"elementor-element elementor-element-d37e4b1 elementor-widget elementor-widget-heading\" data-id=\"d37e4b1\" data-element_type=\"widget\" data-e-type=\"widget\" data-widget_type=\"heading.default\">\n\t\t\t\t<div class=\"elementor-widget-container\">\n\t\t\t\t\t<h2 class=\"elementor-heading-title elementor-size-default\">Remise de dipl\u00f4mes<\/h2>\t\t\t\t<\/div>\n\t\t\t\t<\/div>\n\t\t\t\t\t<\/div>\n\t\t\t\t<\/div>\n\t\t\t\t\t<\/div>\n\t\t\t\t<\/div>\n\t\t\t\t\t<\/div>\n\t\t\t\t<\/div>\n\t\t\t\t<\/div>\n\t\t","protected":false},"excerpt":{"rendered":"<p>C&#8217;est quoi : SINT UT SUNT AUT NON SINT Pr\u00e9sentation g\u00e9n\u00e9rale du parcours La Licence Professionnelle est un<\/p>\n","protected":false},"author":2,"featured_media":0,"parent":0,"menu_order":0,"comment_status":"closed","ping_status":"closed","template":"elementor_header_footer","meta":{"_tutorstarter_page_metadata":[],"footnotes":""},"yst_prominent_words":[],"class_list":["post-1401","page","type-page","status-publish","hentry"],"_links":{"self":[{"href":"https:\/\/esagnde.org\/index.php\/wp-json\/wp\/v2\/pages\/1401","targetHints":{"allow":["GET"]}}],"collection":[{"href":"https:\/\/esagnde.org\/index.php\/wp-json\/wp\/v2\/pages"}],"about":[{"href":"https:\/\/esagnde.org\/index.php\/wp-json\/wp\/v2\/types\/page"}],"author":[{"embeddable":true,"href":"https:\/\/esagnde.org\/index.php\/wp-json\/wp\/v2\/users\/2"}],"replies":[{"embeddable":true,"href":"https:\/\/esagnde.org\/index.php\/wp-json\/wp\/v2\/comments?post=1401"}],"version-history":[{"count":10,"href":"https:\/\/esagnde.org\/index.php\/wp-json\/wp\/v2\/pages\/1401\/revisions"}],"predecessor-version":[{"id":1412,"href":"https:\/\/esagnde.org\/index.php\/wp-json\/wp\/v2\/pages\/1401\/revisions\/1412"}],"wp:attachment":[{"href":"https:\/\/esagnde.org\/index.php\/wp-json\/wp\/v2\/media?parent=1401"}],"wp:term":[{"taxonomy":"yst_prominent_words","embeddable":true,"href":"https:\/\/esagnde.org\/index.php\/wp-json\/wp\/v2\/yst_prominent_words?post=1401"}],"curies":[{"name":"wp","href":"https:\/\/api.w.org\/{rel}","templated":true}]}}